2 + 20*h - 4. Let q be t(-9). Let s = -57 + q. Suppose -2*v - 74 = -3*f + s*f, -3*f - 5*v + 189 = 0. What is the units digit of f?
8
Let z(w) = -8*w**2 + w + 6716. What is the thousands digit of z(0)?
6
Let u be 7*((-300)/(-35))/6. Let v be (-5)/u*(-2 + -2). Suppose 3*t + v*r - 6 = -t, -r - 3 = -t. What is the units digit of t?
2
Suppose -21964 = -2*u + 3*h, -u = 4*h - 6*h - 10984. What is the units digit of u?
6
Let u be (216/(-30))/(3/(-70)). Let m be (18/8)/(((-119)/u)/(-17)). Let c = 197 - m. What is the hundreds digit of c?
1
Let m(r) = -2*r**3 - 2*r**2 + 3*r + 4. Let p be m(4). Let u = p - -290. Let y = -53 + u. What is the units digit of y?
3
Suppose 11*y - 14*y + 198 = 0. Let g be y/18 + 6/(-9). What is the hundreds digit of 47/(g*(-4)/(-36))?
1
Let b(c) = -11*c - 1. Let y be b(-6). Let w = -63 + y. Suppose 0*i = 4*t + 4*i - 204, 241 = 5*t - w*i. What is the tens digit of t?
4
Suppose 2*v + 13*v - 209132 = 4*v. What is the ten thousands digit of v?
1
Suppose -f + 3*o = -4484 - 6594, o = 5*f - 55348. What is the ten thousands digit of f?
1
Let p(g) = -3*g + 18. Let x be p(5). Suppose 0 = -4*h + n - 139, -96 = 3*h + x*n - n. What is the tens digit of 2/(-6)*-6 - h?
3
Suppose 0*r = -c + 2*r + 8045, 2*c = -2*r + 16066. What is the tens digit of c?
3
Let w(j) = 3*j**2 - 11*j - 37. Let m be w(6). What is the hundreds digit of (-2347)/(-5) + 3/m?
4
Suppose 5*q + 0*v - v - 1547 = 0, -2*q - 5*v = -635. Suppose 0 = -q*z + 322*z - 15324. What is the tens digit of z?
7
Let w(v) = 24*v + 2225. What is the thousands digit of w(46)?
3
Let p(d) = -2*d - 28. Let n be p(-19). Suppose -8 - 8 = 2*v - 5*y, n = v + 2*y. What is the units digit of -2*v/6*-219?
6
Suppose 0 = -w - 4*p + 2, 3*w - 2*w + 5*p = 6. Let b = w - -16. Suppose -2*d = -b*q + 372, -3*d + 456 = 4*q - 295. What is the hundreds digit of q?
1
Let d(c) = -21*c - 1 + 7 - 6 + 2. Let f be d(-18). Let q = f + -219. What is the units digit of q?
1
Let o = -1417 + 2005. Suppose o = 195*s - 189*s. What is the tens digit of s?
9
Let s be (576/56)/(-1) + 4/14. Let c(f) = 4*f**2 + 5*f - 68. What is the tens digit of c(s)?
8
Let y(x) = 5*x - 7. Suppose 0 = -5*p + 30 - 5. Suppose -p*m - h + 8 = 3*h, h + 3 = 0. What is the units digit of y(m)?
3
Suppose 3*r - 4*m - 1890 = -2*m, 3*r = -m + 1890. Suppose -c + 541 + r = 0. What is the tens digit of c?
7
Let y(t) = -2*t + 79. Let d be y(6). Suppose -k + 2*x + 2 = -62, d = k - x. What is the units digit of k?
0
Let n = -2601 + 11935. What is the thousands digit of n?
9
Let z be ((-144)/(-40))/((-18)/(-60)). Suppose 3*d + z = 0, 2*h + 3*h - 5*d - 1725 = 0. What is the units digit of h?
1
Let a = 115 - 70. Let t = a + -44. What is the units digit of (t + 34/6)/(31/279)?
0
Suppose -32*g = -35*g + 420. Let x = 435 - g. What is the units digit of x?
5
Let y(w) = -160*w + 25. Let d be y(-9). Suppose 3*g + 178 - d = -2*c, -416 = -g - 5*c. What is the hundreds digit of g?
4
Let p be 1/((-2 + 6)/(-24)*-2). Suppose -743 = -p*s - 149. What is the units digit of s?
8
Let s = -17349 + 35993. What is the ten thousands digit of s?
1
Suppose 0 = -i - 5*y + 10*y + 8472, -4*i + 33939 = -3*y. What is the tens digit of i?
8
Let l = -39 - -51. What is the hundreds digit of ((-886)/3 + (-8)/l)/(-1)?
2
Let v(y) = -3*y**3 + 6*y**2 - 6*y + 5. Let d be v(4). Let j = 326 - d. What is the units digit of j?
1
Let a be (260/(-78))/((2/(-180))/(-1)). Let s = a - -526. What is the hundreds digit of s?
2
Let i = 40 + -41. Let f be (5*(4 + -3))/(2 + i). What is the units digit of (2/f)/((-10)/(-75))?
3
Let v(r) = -38*r**2 + 10*r. Let i be v(6). Let q = -758 - i. What is the hundreds digit of q?
5
Let b(j) = -221*j**3 - 3*j**2 - 44*j - 164. What is the hundreds digit of b(-4)?
1
Let m(p) be the first derivative of -3*p + 3 + 1/2*p**2 - 1/4*p**4 - 2/3*p**3. What is the units digit of m(-3)?
3
Suppose -3*r + 3*h + 228387 = 0, -152285 = -115*r + 113*r - h. What is the ten thousands digit of r?
7
Suppose -34*r - 206231 = -528266 - 205577. What is the hundreds digit of r?
5
Suppose 5*s - 4*s - 63 = 0. What is the units digit of 8658/s + 16/28?
8
Let f = 27718 - 140. What is the tens digit of f?
7
Let f be (-210)/66 + ((-13)/(-11) - 1). Let k be 3/4 - -121*f/(-12). Let y = k + 137. What is the hundreds digit of y?
1
Suppose 68*t - 50*t = 54. Suppose 5*y - 35*p - 1562 = -31*p, 0 = -t*y - 3*p + 948. What is the tens digit of y?
1
Let k = -78 - -344. Let b = k - -11. What is the hundreds digit of b?
2
Let n(a) = a**3 + 40*a**2 - 17*a - 102. What is the hundreds digit of n(-37)?
6
Suppose -i - 2*b = -15, 12*i - 9*i = 3*b + 72. Suppose -11*w - 2610 = -i*w. What is the tens digit of w?
6
Suppose -4*x - 5*g = 0, x + 0*x + 15 = -5*g. Suppose -3*t - x = -2*t. What is the tens digit of t + 4 - -74 - 2?
7
Let u(a) = -6*a - 3260*a**2 + 3259*a**2 - 56 - 14*a. Let p be u(-18). What is the tens digit of p + 18 + (0 + -1 - -40)?
3
Suppose 0 = -5*v + 2*n + 19, 0*n + 17 = 3*v - 4*n. Let f(c) = c**3 + 5*c**2 - 12*c - 3. What is the units digit of f(v)?
3
Suppose 3*y + 17 = 32. Suppose y*l = 406 + 99. What is the units digit of l?
1
Suppose 98*l - 246*l + 2239536 = 0. What is the hundreds digit of l?
1
What is the hundreds digit of 12915230/185 + 50/(-925)?
8
Suppose -1169805 - 90875 = -104*q + 349864. What is the thousands digit of q?
5
Let b(y) = -5*y - 15 - y - 10 - y**2 - 5. Let u be b(-10). Let l = u - -112. What is the units digit of l?
2
Suppose 0 = 2*w + 238 - 1246. Suppose -b - 2*h = -170, 2*b - 4*h + w = 5*b. What is the units digit of b/2 - 6/(-2)?
5
Let s = 329 + -325. Suppose 140 = s*v + 4*h, v - 32 = -4*h - 0*h. What is the units digit of v?
6
Suppose 0 = -2*g + 3*v + 78, 5*v = g - 5 - 27. Let s = g + -45. What is the tens digit of 14 - ((-10)/4 - s/6)?
1
Let o = 2007 - 1335. What is the units digit of ((-3)/(-4))/(63/o)?
8
Let m = -16980 - -29059. What is the ten thousands digit of m?
1
Let g(w) = w**3 - 4*w**2 + 2*w + 6. Let y be g(3). Suppose -y*f + 51 = 57. Let a = f + 83. What is the tens digit of a?
8
Suppose -380 = -5*t + 4*d - 1502, -4*t + 2*d - 894 = 0. Let a = t + 437. What is the tens digit of a?
1
Suppose -r - 3*h = -200 - 98, -5*h + 1227 = 4*r. What is the units digit of r?
3
Let r(o) = -2*o - 19. Let p = 63 - 297. Let f be (-3)/12 - p/(-24). What is the units digit of r(f)?
1
Let u = -196 - -196. Suppose 0 = -s - u*b + 2*b + 567, -3*b = -4*s + 2258. What is the units digit of s?
3
What is the thousands digit of 2975 + (-22 + 14)/(-4)?
2
Let k be (-44)/77 - (-2055)/7. Suppose 0 = -5*y + 4*x + k, 2*y + 122 = 4*y - 4*x. Let m = y - -73. What is the hundreds digit of m?
1
What is the units digit of (-30312548)/(-2596) - (30/(-22) - -1)?
7
Let r(x) be the second derivative of 2*x**3/3 + 45*x**2/2 - 13*x. Let o be r(14). Let f = 148 - o. What is the units digit of f?
7
Suppose 6*c - 19398 + 6384 = 0. Suppose 14*f - c = 5*f. What is the units digit of f?
1
Suppose 2*b - 5*f - 384 = -2*f, 4*b - 800 = -2*f. Suppose 59*q - 12*q = -141. What is the units digit of (q + -2 - -4) + b?
7
Suppose -w - 3 + 29 = -2*j, -3*w + 4*j = -70. Let f(v) = 30*v - 38. What is the tens digit of f(w)?
0
Suppose -5*u + 26 = 3*d - 31, -3*u - d + 35 = 0. Suppose -920 = -4*q - u. What is the units digit of q?
7
Let t be 12/(-5 + 2) - (-21 - 3). Suppose -m = 2*m + 1230. What is the units digit of 2*(-5)/t - m/4?
2
Let y(f) = -f**3 + 10*f**2 + 20*f - 12. Let t(l) = -2*l**3 + 21*l**2 + 41*l - 24. Let x(h) = 4*t(h) - 9*y(h). What is the units digit of x(9)?
1
Let v be (264/15 + -11)*20/12. Let f(p) = -1369*p**3 - p**2. Let t be f(-1). Suppose 3*x + t = v*x. What is the units digit of x?
1
Let x(a) = -94*a - 274. Let n be x(-40). Suppose -4*s + 486 = 4*w - 4166, -4*s = 3*w - n. What is the hundreds digit of w?
1
Let m = 139 + -53. Suppose m*c - 81*c = 5. What is the units digit of c + (4 - 9) - -158?
4
Let a = 10059 - -4360. What is the hundreds digit of a?
4
Let t = -932 + 1306. Suppose -132*r + 18175 = -1906 + 17. Let c = t - r. What is the hundreds digit of c?
2
Let h(s) = -760*s - 136. What is the thousands digit of h(-5)?
3
Suppose -2*j + 7 = -j + 5*l, -2*l = 2. Suppose 1 = -3*y + q, y + 5*q = -j - 15. What is the tens digit of (-53)/y + (6/4 - 3)?
2
Let q = -6370 - -16278. What is the hundreds digit of q?
9
Let g be 0 + 